{"id":359,"date":"2024-05-17T14:37:36","date_gmt":"2024-05-17T14:37:36","guid":{"rendered":"https:\/\/brotfarm.de\/?page_id=359"},"modified":"2024-06-08T13:57:18","modified_gmt":"2024-06-08T13:57:18","slug":"15-2","status":"publish","type":"page","link":"https:\/\/brotfarm.de\/?page_id=359","title":{"rendered":"Bauernzopfbrot &#8211; klingt kompliziert, ist aber sehr einfach!"},"content":{"rendered":"\n<p>Warum &#8222;Bauer&#8220; davor steht, wei\u00df ich echt nicht &#8211; h\u00e4ngt wahrscheinlich mit dem Zopf zusammen, den man auf dem Lande und der freien Wildbahn gegebenenfalls eher tr\u00e4gt als in der Stadt. Aber alles nur Spekulationenen und auch vollkommen egal, denn das Brot ist lecker, leicht bek\u00f6mmlich und wirklich einfach herzustellen!<br>&nbsp;<\/p>\n\n\n\n<p><strong>Hinweis:<\/strong>&nbsp;<em><mark style=\"background-color:rgba(0, 0, 0, 0);color:#f81717\" class=\"has-inline-color\"><strong>Die Mengen sind wieder optimal f\u00fcr eine 3 l Brotbackform (Zenker) ausgelegt.<\/strong><\/mark><\/em><\/p>\n\n\n\n<h2 class=\"wp-block-heading\"><strong>Zutaten &#8211;&nbsp;<\/strong><strong>Bauernzopfbrot<\/strong><\/h2>\n\n\n\n<ul class=\"wp-block-list\">\n<li><strong>400 g&nbsp;Roggenmehl&nbsp;(Typ 1150)<\/strong><\/li>\n<\/ul>\n\n\n\n<ul class=\"wp-block-list\">\n<li><strong>150 g&nbsp;Weizenmehl&nbsp;(Typ 1050 &#8211;&nbsp;<em>auch gerne als Brotmehl bezeichnet<\/em>)<\/strong><\/li>\n<\/ul>\n\n\n\n<ul class=\"wp-block-list\">\n<li><strong>150 g&nbsp;Weizenmehl&nbsp;(Typ 405)<\/strong><\/li>\n<\/ul>\n\n\n\n<ul class=\"wp-block-list\">\n<li><strong>1 P\u00e4ckchen&nbsp;frische Hefe<\/strong><\/li>\n<\/ul>\n\n\n\n<ul class=\"wp-block-list\">\n<li><strong>ca. 30 g&nbsp;Sauerteigpulver<\/strong><\/li>\n<\/ul>\n\n\n\n<ul class=\"wp-block-list\">\n<li><strong>2,5 TL&nbsp;Salz<\/strong><\/li>\n<\/ul>\n\n\n\n<ul class=\"wp-block-list\">\n<li><strong>1 TL&nbsp;Zucker&nbsp;<em>(Honig oder Sirup gehen auch!)<\/em><\/strong><\/li>\n<\/ul>\n\n\n\n<ul class=\"wp-block-list\">\n<li><strong>500 ml&nbsp;lauwarmes Wasser<\/strong><\/li>\n<\/ul>\n\n\n\n<ul class=\"wp-block-list\">\n<li><strong>ca. 50 g&nbsp;K\u00f6rnerged\u00f6ns zum Bestreuen <em>(nur wer mag!)<\/em><\/strong><\/li>\n<\/ul>\n\n\n\n<h2 class=\"wp-block-heading\"><br><strong>Zubereitung &#8211;&nbsp;Bauernzopfbrot<\/strong><\/h2>\n\n\n\n<p>1.&nbsp;&nbsp;&nbsp; Alle Mehlsorten und das Sauerteigpulver mit oder ohne Hilfe der K\u00fcchenmaschine gut vermischen.<\/p>\n\n\n\n<p>2.&nbsp;&nbsp;&nbsp; Die Hefe zerbr\u00f6seln und zusammen mit dem Salz und dem Zucker im lauwarmen Wasser aufl\u00f6sen.<\/p>\n\n\n\n<p>3.&nbsp;&nbsp;&nbsp; Alles zusammenkippen und zu einem glatten Teig verarbeiten.<\/p>\n\n\n\n<p>4.&nbsp;&nbsp;&nbsp; Anschlie\u00dfend den Teig in drei Portionen teilen, diese zu Rollen drehen und zu einem Zopf flechten:<\/p>\n\n\n<style>.wp-block-kadence-advancedgallery .kb-gallery-type-masonry.kb-gallery-id-359_428aeb-3a{margin:-5px;}.kb-gallery-type-masonry.kb-gallery-id-359_428aeb-3a .kadence-blocks-gallery-item{padding:5px;}.kb-gallery-id-359_428aeb-3a .kadence-blocks-gallery-item .kb-gal-image-radius, .kb-gallery-id-359_428aeb-3a .kb-slide-item .kb-gal-image-radius img{border-radius:0px 0px 0px 0px;;}.kb-gallery-caption-style-bottom.kb-gallery-id-359_428aeb-3a .kadence-blocks-gallery-item .kadence-blocks-gallery-item-inner .kadence-blocks-gallery-item__caption, .kb-gallery-caption-style-bottom-hover.kb-gallery-id-359_428aeb-3a .kadence-blocks-gallery-item .kadence-blocks-gallery-item-inner .kadence-blocks-gallery-item__caption{background:linear-gradient(0deg, rgba(0, 0, 0, 0.8) 0, rgba(0, 0, 0, 0) 100%);}<\/style><div class=\"kb-gallery-wrap-id-359_428aeb-3a alignnone wp-block-kadence-advancedgallery\"><ul class=\"kb-gallery-ul kb-gallery-non-static kb-gallery-type-masonry kb-masonry-init kb-mobile-force-hover kb-gallery-id-359_428aeb-3a kb-gallery-caption-style-bottom-hover kb-gallery-filter-none\" data-image-filter=\"none\" data-item-selector=\".kadence-blocks-gallery-item\" data-lightbox-caption=\"true\" data-columns-xxl=\"2\" data-columns-xl=\"2\" data-columns-md=\"2\" data-columns-sm=\"2\" data-columns-xs=\"1\" data-columns-ss=\"1\"><li class=\"kadence-blocks-gallery-item\" tabindex=\"0\"><div class=\"kadence-blocks-gallery-item-inner\"><figure class=\"kb-gallery-figure kadence-blocks-gallery-item-has-caption\"><div class=\"kb-gal-image-radius\" style=\"max-width:400px;\"><div class=\"kb-gallery-image-contain kadence-blocks-gallery-intrinsic\" style=\"padding-bottom:75%;\"><img loading=\"lazy\" decoding=\"async\" src=\"https:\/\/brotfarm.de\/wp-content\/uploads\/2024\/06\/image-22.png\" width=\"400\" height=\"300\" alt=\"\" data-full-image=\"https:\/\/brotfarm.de\/wp-content\/uploads\/2024\/06\/image-22.png\" data-light-image=\"https:\/\/brotfarm.de\/wp-content\/uploads\/2024\/06\/image-22.png\" data-id=\"477\" class=\"wp-image-477\" srcset=\"https:\/\/brotfarm.de\/wp-content\/uploads\/2024\/06\/image-22.png 400w, https:\/\/brotfarm.de\/wp-content\/uploads\/2024\/06\/image-22-300x225.png 300w\" sizes=\"auto, (max-width: 400px) 100vw, 400px\" \/><\/div><div class=\"kadence-blocks-gallery-item__caption\"><em>Gedrehte Rollen<\/em><\/div><\/div><\/figure><\/div><\/li><li class=\"kadence-blocks-gallery-item\" tabindex=\"0\"><div class=\"kadence-blocks-gallery-item-inner\"><figure class=\"kb-gallery-figure kadence-blocks-gallery-item-has-caption\"><div class=\"kb-gal-image-radius\" style=\"max-width:400px;\"><div class=\"kb-gallery-image-contain kadence-blocks-gallery-intrinsic\" style=\"padding-bottom:75%;\"><img loading=\"lazy\" decoding=\"async\" src=\"https:\/\/brotfarm.de\/wp-content\/uploads\/2024\/06\/image-23.png\" width=\"400\" height=\"300\" alt=\"\" data-full-image=\"https:\/\/brotfarm.de\/wp-content\/uploads\/2024\/06\/image-23.png\" data-light-image=\"https:\/\/brotfarm.de\/wp-content\/uploads\/2024\/06\/image-23.png\" data-id=\"478\" class=\"wp-image-478\" srcset=\"https:\/\/brotfarm.de\/wp-content\/uploads\/2024\/06\/image-23.png 400w, https:\/\/brotfarm.de\/wp-content\/uploads\/2024\/06\/image-23-300x225.png 300w\" sizes=\"auto, (max-width: 400px) 100vw, 400px\" \/><\/div><div class=\"kadence-blocks-gallery-item__caption\"><em>Geflochtener Zopf<\/em><\/div><\/div><\/figure><\/div><\/li><\/ul><\/div>\n\n\n<p><strong>&#8230;also, wenn ich das kann, k\u00f6nnen die mit den langen Haaren das ganz bestimmt!<\/strong><\/p>\n\n\n\n<p>5.&nbsp;&nbsp;&nbsp; Den Zopf in die gefettete Kastenform legen (einmal mit Mut und Schwung) und zugedeckt an einem warmen Ort zur doppelten Menge aufgehen lassen.<\/p>\n\n\n<div class=\"wp-block-image\">\n<figure class=\"aligncenter size-full\"><img loading=\"lazy\" decoding=\"async\" width=\"400\" height=\"300\" src=\"https:\/\/brotfarm.de\/wp-content\/uploads\/2024\/06\/In-der-Backform.jpg\" alt=\"\" class=\"wp-image-935\" srcset=\"https:\/\/brotfarm.de\/wp-content\/uploads\/2024\/06\/In-der-Backform.jpg 400w, https:\/\/brotfarm.de\/wp-content\/uploads\/2024\/06\/In-der-Backform-300x225.jpg 300w\" sizes=\"auto, (max-width: 400px) 100vw, 400px\" \/><figcaption class=\"wp-element-caption\"><em>Nach der Gehzeit&#8230;<\/em><\/figcaption><\/figure>\n<\/div>\n\n\n<p class=\"has-text-align-center\"><em><strong>(So in etwa nach ca. 30 Min bei 35 Grad G\u00e4rstufe im Backofen)<\/strong><\/em><\/p>\n\n\n<style>.wp-block-kadence-advancedheading.kt-adv-heading359_b3748d-19, .wp-block-kadence-advancedheading.kt-adv-heading359_b3748d-19[data-kb-block=\"kb-adv-heading359_b3748d-19\"]{font-size:var(--global-kb-font-size-md, 1.25rem);font-style:normal;}.wp-block-kadence-advancedheading.kt-adv-heading359_b3748d-19 mark.kt-highlight, .wp-block-kadence-advancedheading.kt-adv-heading359_b3748d-19[data-kb-block=\"kb-adv-heading359_b3748d-19\"] mark.kt-highlight{font-style:normal;color:#f76a0c;-webkit-box-decoration-break:clone;box-decoration-break:clone;padding-top:0px;padding-right:0px;padding-bottom:0px;padding-left:0px;}.wp-block-kadence-advancedheading.kt-adv-heading359_b3748d-19 img.kb-inline-image, .wp-block-kadence-advancedheading.kt-adv-heading359_b3748d-19[data-kb-block=\"kb-adv-heading359_b3748d-19\"] img.kb-inline-image{width:150px;vertical-align:baseline;}<\/style>\n<h2 class=\"kt-adv-heading359_b3748d-19 wp-block-kadence-advancedheading\" data-kb-block=\"kb-adv-heading359_b3748d-19\">Jetzt nur noch den Backofen vorbereiten:<\/h2>\n\n\n\n<ul class=\"wp-block-list\">\n<li>Den Ofen auf 220 Grad Ober-\/Unterhitze vorheizt.<\/li>\n<\/ul>\n\n\n\n<ul class=\"wp-block-list\">\n<li>Ein mit Wasser gef\u00fclltes feuerfestes Gef\u00e4\u00df auf dem Boden des Ofens stellen.<\/li>\n<\/ul>\n\n\n\n<ul class=\"wp-block-list\">\n<li>Die Teigoberfl\u00e4che leicht mit Wasser bespr\u00fcht um das K\u00f6rnerged\u00f6ns draufzustreuen<\/li>\n<\/ul>\n\n\n\n<ul class=\"wp-block-list\">\n<li>und dann&#8230;<\/li>\n<\/ul>\n\n\n\n<p>          &#8230;ab damit f\u00fcr etwa 60 Minuten in den hei\u00dfen Ofen!<\/p>\n\n\n\n<p><strong>Abschlie\u00dfend rausnehmen, abk\u00fchlen lassen und servieren:<\/strong><\/p>\n\n\n<div class=\"wp-block-image\">\n<figure class=\"aligncenter size-full\"><img loading=\"lazy\" decoding=\"async\" width=\"400\" height=\"300\" src=\"https:\/\/brotfarm.de\/wp-content\/uploads\/2024\/06\/Fertiges-Bauernzopfbrot.jpg\" alt=\"\" class=\"wp-image-933\" srcset=\"https:\/\/brotfarm.de\/wp-content\/uploads\/2024\/06\/Fertiges-Bauernzopfbrot.jpg 400w, https:\/\/brotfarm.de\/wp-content\/uploads\/2024\/06\/Fertiges-Bauernzopfbrot-300x225.jpg 300w\" sizes=\"auto, (max-width: 400px) 100vw, 400px\" \/><figcaption class=\"wp-element-caption\"><em>Fertiges Bauernzopfbrot<\/em><\/figcaption><\/figure>\n<\/div>\n\n\n<p>&nbsp;<br><strong>&nbsp; Fertig\u2026.mmmhh &#8211; lecker!<\/strong><\/p>\n\n\n<div class=\"wp-block-image\">\n<figure class=\"aligncenter is-resized\"><a href=\"https:\/\/brotfarm.de\/?page_id=179\"><img loading=\"lazy\" decoding=\"async\" width=\"140\" height=\"100\" src=\"https:\/\/brotfarm.de\/wp-content\/uploads\/2024\/05\/Muetze-e1715334323522.jpg\" alt=\"\" class=\"wp-image-25\" style=\"width:140px;height:auto\"\/><\/a><\/figure>\n<\/div>\n\n\n<p><\/p>\n","protected":false},"excerpt":{"rendered":"<p>Warum &#8222;Bauer&#8220; davor steht, wei\u00df ich echt nicht &#8211; h\u00e4ngt wahrscheinlich mit dem Zopf zusammen, den man auf dem Lande und der freien Wildbahn gegebenenfalls eher tr\u00e4gt als in der Stadt. Aber alles nur Spekulationenen und auch vollkommen egal, denn das Brot ist lecker, leicht bek\u00f6mmlich und wirklich einfach herzustellen!&nbsp; Hinweis:&nbsp;Die Mengen sind wieder optimal [&hellip;]<\/p>\n","protected":false},"author":1,"featured_media":0,"parent":0,"menu_order":0,"comment_status":"closed","ping_status":"closed","template":"","meta":{"ngg_post_thumbnail":0,"footnotes":""},"class_list":["post-359","page","type-page","status-publish","hentry"],"_links":{"self":[{"href":"https:\/\/brotfarm.de\/index.php?rest_route=\/wp\/v2\/pages\/359","targetHints":{"allow":["GET"]}}],"collection":[{"href":"https:\/\/brotfarm.de\/index.php?rest_route=\/wp\/v2\/pages"}],"about":[{"href":"https:\/\/brotfarm.de\/index.php?rest_route=\/wp\/v2\/types\/page"}],"author":[{"embeddable":true,"href":"https:\/\/brotfarm.de\/index.php?rest_route=\/wp\/v2\/users\/1"}],"replies":[{"embeddable":true,"href":"https:\/\/brotfarm.de\/index.php?rest_route=%2Fwp%2Fv2%2Fcomments&post=359"}],"version-history":[{"count":5,"href":"https:\/\/brotfarm.de\/index.php?rest_route=\/wp\/v2\/pages\/359\/revisions"}],"predecessor-version":[{"id":958,"href":"https:\/\/brotfarm.de\/index.php?rest_route=\/wp\/v2\/pages\/359\/revisions\/958"}],"wp:attachment":[{"href":"https:\/\/brotfarm.de\/index.php?rest_route=%2Fwp%2Fv2%2Fmedia&parent=359"}],"curies":[{"name":"wp","href":"https:\/\/api.w.org\/{rel}","templated":true}]}}