{"id":516,"date":"2024-06-01T16:03:15","date_gmt":"2024-06-01T16:03:15","guid":{"rendered":"https:\/\/brotfarm.de\/?page_id=516"},"modified":"2024-06-08T14:16:30","modified_gmt":"2024-06-08T14:16:30","slug":"21-2","status":"publish","type":"page","link":"https:\/\/brotfarm.de\/?page_id=516","title":{"rendered":"Wei\u00dfbrot, Br\u00f6tchen oder Baguettes"},"content":{"rendered":"\n<p class=\"has-text-align-center\"><strong>Schnell und lecker mit Buttermilch!<\/strong><\/p>\n\n\n\n<p class=\"has-text-align-center\"><strong><em><mark style=\"background-color:rgba(0, 0, 0, 0);color:#fa1e1e\" class=\"has-inline-color\">(Hinweis f\u00fcr Gudrun &#8211; geht direkt oder als \u00fcber Nacht Variante!)<\/mark><\/em><\/strong><br><br>Psst&#8230; oftmals variiere ich nur die Formen w\u00e4hrend die Zutaten gleich bleiben und trotzdem kommt dann schon mal der Hinweis von der Sippe:<\/p>\n\n\n\n<p><em>&#8222;Kannste nicht mal wieder die leckeren Baguettes machen?&#8220;<\/em><\/p>\n\n\n<style>.kb-image516_d0afbe-88.kb-image-is-ratio-size, .kb-image516_d0afbe-88 .kb-image-is-ratio-size{max-width:58px;width:100%;}.wp-block-kadence-column > .kt-inside-inner-col > .kb-image516_d0afbe-88.kb-image-is-ratio-size, .wp-block-kadence-column > .kt-inside-inner-col > .kb-image516_d0afbe-88 .kb-image-is-ratio-size{align-self:unset;}.kb-image516_d0afbe-88 figure{max-width:58px;}.kb-image516_d0afbe-88 .image-is-svg, .kb-image516_d0afbe-88 .image-is-svg img{width:100%;}.kb-image516_d0afbe-88 .kb-image-has-overlay:after{opacity:0.3;}<\/style>\n<div class=\"wp-block-kadence-image kb-image516_d0afbe-88\"><figure class=\"aligncenter size-full\"><img loading=\"lazy\" decoding=\"async\" width=\"100\" height=\"115\" src=\"https:\/\/brotfarm.de\/wp-content\/uploads\/2024\/06\/Smile.jpg\" alt=\"\" class=\"kb-img wp-image-986\"\/><\/figure><\/div>\n\n\n\n<p class=\"has-text-align-center\"><em>Klar, n\u00e4chstes mal &#8211; das Auge isst eben mit&#8230;hehe!<\/em><\/p>\n\n\n\n<h2 class=\"wp-block-heading\">So, jetzt mal zum Wesentlichen:<\/h2>\n\n\n\n<p><strong>Die angegebenen Mengen reichen entweder f\u00fcr:<\/strong><\/p>\n\n\n\n<ul class=\"wp-block-list\">\n<li>1 St. gro\u00dfes Wei\u00dfbrot<\/li>\n\n\n\n<li>4 St. sch\u00f6ne Baguettestangen (4er Baguetteblech)<\/li>\n\n\n\n<li>8 St. gro\u00dfe Baguettebr\u00f6tchen \/ &#8211; krusties<\/li>\n<\/ul>\n\n\n\n<p>oder<\/p>\n\n\n\n<ul class=\"wp-block-list\">\n<li>16 normale Br\u00f6tchen<\/li>\n<\/ul>\n\n\n\n<p>in allen F\u00e4llen sind die Zutaten gleich &#8211; lediglich ein paar Unterschiede beim Belag:<\/p>\n\n\n\n<p><strong>(Mehl, Sesam, Sonnenblumenkerne, Mohn oder einfach mal NIX)<\/strong><\/p>\n\n\n\n<h2 class=\"wp-block-heading\"><strong>Zutaten <\/strong><strong>f\u00fcr das Universalteil:<\/strong><\/h2>\n\n\n\n<ul class=\"wp-block-list\">\n<li><strong>240 ml&nbsp;lauwarmes Wasser<\/strong><\/li>\n<\/ul>\n\n\n\n<ul class=\"wp-block-list\">\n<li><strong>240 ml&nbsp;Buttermilch<\/strong><\/li>\n<\/ul>\n\n\n\n<ul class=\"wp-block-list\">\n<li><strong>30 g&nbsp;frische Hefe&nbsp;(\u00fcber Nacht nur&nbsp;15 g Hefe&nbsp;nehmen!!!)<\/strong><\/li>\n<\/ul>\n\n\n\n<ul class=\"wp-block-list\">\n<li><strong>750 g&nbsp;Weizenmehl&nbsp;550er&nbsp;oder Dinkelmehl&nbsp;630er<\/strong><\/li>\n<\/ul>\n\n\n\n<ul class=\"wp-block-list\">\n<li><strong>3 TL&nbsp;Salz<\/strong><\/li>\n<\/ul>\n\n\n\n<ul class=\"wp-block-list\">\n<li><strong>1,5 TL&nbsp;Zucker oder Honig<\/strong><\/li>\n<\/ul>\n\n\n\n<ul class=\"wp-block-list\">\n<li><strong>2 EL&nbsp;\u00d6l (Ich nehme daf\u00fcr Oliven\u00f6l)<\/strong><\/li>\n<\/ul>\n\n\n\n<p>         und eventuell<\/p>\n\n\n\n<ul class=\"wp-block-list\">\n<li><strong>irgendwas f\u00fcr oben drauf oder auch nicht s. o.<\/strong><\/li>\n<\/ul>\n\n\n\n<h2 class=\"wp-block-heading\"><strong>Zubereitung<\/strong><\/h2>\n\n\n\n<p>Die Hefe, Zucker oder Honig, Salz und Oliven\u00f6l im lauwarmen Wasser und der Buttermilch aufl\u00f6sen und anschlie\u00dfend mit dem Mehl zu einem geschmeidigen Teig kneten. In&nbsp;<strong>&#8222;the machine&#8220;<\/strong>&nbsp;kippe ich immer noch soviel Mehl nach, bis sich das Zeug vom Rand l\u00f6st und als &#8222;Ballon&#8220; am Knethaken h\u00e4ngen bleibt.<\/p>\n\n\n\n<p class=\"has-large-font-size\"><strong>Jetzt gibt es zwei Varianten:<\/strong><\/p>\n\n\n\n<p><strong>1.&nbsp;&nbsp;&nbsp; \u00dcber Nacht gehen lassen<\/strong><\/p>\n\n\n\n<p>Den Teig in eine G\u00e4rsch\u00fcssel mit Deckel umsiedeln und \u00fcber Nacht in den K\u00fchlschrank. Am n\u00e4chsten Morgen den Teig rausnehmen und vor der Weiterverarbeitung ca. 15 &#8211; 20 Minuten akklimatisieren lassen. Anschlie\u00dfend geht es weiter wie bei 2tens&#8230;<\/p>\n\n\n\n<p><strong>2.&nbsp;&nbsp;&nbsp; Kurze G\u00e4rungszeit<\/strong><\/p>\n\n\n\n<p><strong>a) f\u00fcr Brot:<\/strong><\/p>\n\n\n\n<ul class=\"wp-block-list\">\n<li>Rolle formen und ab in die vorher einge\u00f6lte oder gefettete Backform&nbsp;(ruhig noch ein wenig gerade r\u00fccken und verteilen wegen die Optik!)<\/li>\n<\/ul>\n\n\n\n<p><strong>b) f\u00fcr Baguettestangen<\/strong><\/p>\n\n\n\n<ul class=\"wp-block-list\">\n<li>Lange Rolle formen, 4 gleiche Teile abstechen \/ schneiden<\/li>\n<\/ul>\n\n\n\n<ul class=\"wp-block-list\">\n<li>die 4 Teile in gleichlange Rollen (l\u00e4nge gemessen an Baguetteblech o. \u00e4) formen<\/li>\n<\/ul>\n\n\n\n<ul class=\"wp-block-list\">\n<li>Teile leicht in sich verdrehen und auf das mit&nbsp;<strong>Backpapier<\/strong>&nbsp;ausgelegte Blech legen<\/li>\n<\/ul>\n\n\n\n<p><strong>c) f\u00fcr gro\u00dfe Baguettebr\u00f6tchen \/ &#8211; krusties<\/strong><\/p>\n\n\n\n<ul class=\"wp-block-list\">\n<li>Lange Rolle formen, 8 gleiche Teile abstechen \/ schneiden<\/li>\n<\/ul>\n\n\n\n<ul class=\"wp-block-list\">\n<li>die 8 Teile in gleichlange Rollen formen<\/li>\n<\/ul>\n\n\n\n<ul class=\"wp-block-list\">\n<li>Teile leicht in sich verdrehen und auch hier auf das mit&nbsp;<strong>Backpapier<\/strong>&nbsp;ausgelegte Blech legen<\/li>\n<\/ul>\n\n\n\n<p><strong>d) f\u00fcr normale Br\u00f6tchen<\/strong><\/p>\n\n\n\n<ul class=\"wp-block-list\">\n<li>Lange Rolle formen, ca. 14 &#8211; 16 gleiche Teile abstechen \/ schneiden<\/li>\n<\/ul>\n\n\n\n<ul class=\"wp-block-list\">\n<li>die Teile zu runden Br\u00f6tchen schleifen und dann ggf. zu ovale Br\u00f6tchenformen rollen<\/li>\n<\/ul>\n\n\n\n<ul class=\"wp-block-list\">\n<li>Anschlie\u00dfend &#8211; wie o. a. &#8211; auch hier alle Teile auf das mit&nbsp;<strong>Backpapier<\/strong>&nbsp;ausgelegte Blech legen<\/li>\n<\/ul>\n\n\n\n<p class=\"has-text-align-center\"><strong><mark style=\"background-color:rgba(0, 0, 0, 0);color:#f62525\" class=\"has-inline-color\">(Tipp f\u00fcr b \/ c \/ d \/):&nbsp;Backpapier&nbsp;vorher nochmal mit Mehl best\u00e4uben!)<\/mark><\/strong><\/p>\n\n\n\n<ul class=\"wp-block-list\">\n<li>Jetzt mit einem Tuch abdecken und f\u00fcr etwa&nbsp;<strong>15 &#8211; 30 Minuten<\/strong>&nbsp;an einem warmen Ort gehen lassen.<\/li>\n<\/ul>\n\n\n\n<ul class=\"wp-block-list\">\n<li>Zwischenzeitlich k\u00f6nnt ihr den Backofen schon mal auf&nbsp;<strong>220 Grad Ober-\/Unterhitze<\/strong>&nbsp;vorheizen und f\u00fcr &#8222;Platte putzen&#8220; bleiben auch noch ein paar Minuten&#8230;<\/li>\n<\/ul>\n\n\n<style>.wp-block-kadence-advancedgallery .kb-gallery-type-masonry.kb-gallery-id-516_2459b4-69{margin:-5px;}.kb-gallery-type-masonry.kb-gallery-id-516_2459b4-69 .kadence-blocks-gallery-item{padding:5px;}.kb-gallery-id-516_2459b4-69 .kadence-blocks-gallery-item .kb-gal-image-radius, .kb-gallery-id-516_2459b4-69 .kb-slide-item .kb-gal-image-radius img{border-radius:0px 0px 0px 0px;;}.kb-gallery-caption-style-bottom.kb-gallery-id-516_2459b4-69 .kadence-blocks-gallery-item .kadence-blocks-gallery-item-inner .kadence-blocks-gallery-item__caption, .kb-gallery-caption-style-bottom-hover.kb-gallery-id-516_2459b4-69 .kadence-blocks-gallery-item .kadence-blocks-gallery-item-inner .kadence-blocks-gallery-item__caption{background:linear-gradient(0deg, rgba(0, 0, 0, 0.8) 0, rgba(0, 0, 0, 0) 100%);}<\/style><div class=\"kb-gallery-wrap-id-516_2459b4-69 alignnone wp-block-kadence-advancedgallery\"><ul class=\"kb-gallery-ul kb-gallery-non-static kb-gallery-type-masonry kb-masonry-init kb-mobile-force-hover kb-gallery-id-516_2459b4-69 kb-gallery-caption-style-bottom-hover kb-gallery-filter-none\" data-image-filter=\"none\" data-item-selector=\".kadence-blocks-gallery-item\" data-lightbox-caption=\"true\" data-columns-xxl=\"4\" data-columns-xl=\"4\" data-columns-md=\"4\" data-columns-sm=\"3\" data-columns-xs=\"2\" data-columns-ss=\"2\"><li class=\"kadence-blocks-gallery-item\" tabindex=\"0\"><div class=\"kadence-blocks-gallery-item-inner\"><figure class=\"kb-gallery-figure kadence-blocks-gallery-item-has-caption\"><div class=\"kb-gal-image-radius\" style=\"max-width:400px;\"><div class=\"kb-gallery-image-contain kadence-blocks-gallery-intrinsic\" style=\"padding-bottom:75%;\"><img loading=\"lazy\" decoding=\"async\" src=\"https:\/\/brotfarm.de\/wp-content\/uploads\/2024\/06\/image-36.png\" width=\"400\" height=\"300\" alt=\"\" data-full-image=\"https:\/\/brotfarm.de\/wp-content\/uploads\/2024\/06\/image-36.png\" data-light-image=\"https:\/\/brotfarm.de\/wp-content\/uploads\/2024\/06\/image-36.png\" data-id=\"573\" class=\"wp-image-573\" srcset=\"https:\/\/brotfarm.de\/wp-content\/uploads\/2024\/06\/image-36.png 400w, https:\/\/brotfarm.de\/wp-content\/uploads\/2024\/06\/image-36-300x225.png 300w\" sizes=\"auto, (max-width: 400px) 100vw, 400px\" \/><\/div><div class=\"kadence-blocks-gallery-item__caption\">Nach kurzer Gehzeit&#8230;<\/div><\/div><\/figure><\/div><\/li><li class=\"kadence-blocks-gallery-item\" tabindex=\"0\"><div class=\"kadence-blocks-gallery-item-inner\"><figure class=\"kb-gallery-figure kadence-blocks-gallery-item-has-caption\"><div class=\"kb-gal-image-radius\" style=\"max-width:400px;\"><div class=\"kb-gallery-image-contain kadence-blocks-gallery-intrinsic\" style=\"padding-bottom:75%;\"><img loading=\"lazy\" decoding=\"async\" src=\"https:\/\/brotfarm.de\/wp-content\/uploads\/2024\/06\/image-37.png\" width=\"400\" height=\"300\" alt=\"\" data-full-image=\"https:\/\/brotfarm.de\/wp-content\/uploads\/2024\/06\/image-37.png\" data-light-image=\"https:\/\/brotfarm.de\/wp-content\/uploads\/2024\/06\/image-37.png\" data-id=\"574\" class=\"wp-image-574\" srcset=\"https:\/\/brotfarm.de\/wp-content\/uploads\/2024\/06\/image-37.png 400w, https:\/\/brotfarm.de\/wp-content\/uploads\/2024\/06\/image-37-300x225.png 300w\" sizes=\"auto, (max-width: 400px) 100vw, 400px\" \/><\/div><div class=\"kadence-blocks-gallery-item__caption\">Vor dem Backen&#8230;<\/div><\/div><\/figure><\/div><\/li><li class=\"kadence-blocks-gallery-item\" tabindex=\"0\"><div class=\"kadence-blocks-gallery-item-inner\"><figure class=\"kb-gallery-figure kadence-blocks-gallery-item-has-caption\"><div class=\"kb-gal-image-radius\" style=\"max-width:400px;\"><div class=\"kb-gallery-image-contain kadence-blocks-gallery-intrinsic\" style=\"padding-bottom:75%;\"><img loading=\"lazy\" decoding=\"async\" src=\"https:\/\/brotfarm.de\/wp-content\/uploads\/2024\/06\/image-38.png\" width=\"400\" height=\"300\" alt=\"\" data-full-image=\"https:\/\/brotfarm.de\/wp-content\/uploads\/2024\/06\/image-38.png\" data-light-image=\"https:\/\/brotfarm.de\/wp-content\/uploads\/2024\/06\/image-38.png\" data-id=\"575\" class=\"wp-image-575\" srcset=\"https:\/\/brotfarm.de\/wp-content\/uploads\/2024\/06\/image-38.png 400w, https:\/\/brotfarm.de\/wp-content\/uploads\/2024\/06\/image-38-300x225.png 300w\" sizes=\"auto, (max-width: 400px) 100vw, 400px\" \/><\/div><div class=\"kadence-blocks-gallery-item__caption\">\u00dcber Nacht gegangen&#8230;<\/div><\/div><\/figure><\/div><\/li><li class=\"kadence-blocks-gallery-item\" tabindex=\"0\"><div class=\"kadence-blocks-gallery-item-inner\"><figure class=\"kb-gallery-figure kadence-blocks-gallery-item-has-caption\"><div class=\"kb-gal-image-radius\" style=\"max-width:400px;\"><div class=\"kb-gallery-image-contain kadence-blocks-gallery-intrinsic\" style=\"padding-bottom:75%;\"><img loading=\"lazy\" decoding=\"async\" src=\"https:\/\/brotfarm.de\/wp-content\/uploads\/2024\/06\/image-39.png\" width=\"400\" height=\"300\" alt=\"\" data-full-image=\"https:\/\/brotfarm.de\/wp-content\/uploads\/2024\/06\/image-39.png\" data-light-image=\"https:\/\/brotfarm.de\/wp-content\/uploads\/2024\/06\/image-39.png\" data-id=\"576\" class=\"wp-image-576\" srcset=\"https:\/\/brotfarm.de\/wp-content\/uploads\/2024\/06\/image-39.png 400w, https:\/\/brotfarm.de\/wp-content\/uploads\/2024\/06\/image-39-300x225.png 300w\" sizes=\"auto, (max-width: 400px) 100vw, 400px\" \/><\/div><div class=\"kadence-blocks-gallery-item__caption\">Sch\u00f6n geschnitten&#8230;<\/div><\/div><\/figure><\/div><\/li><\/ul><\/div>\n\n\n<p>&#8230;die Teile&nbsp;nochmal&nbsp;<strong>mit Wasser bespr\u00fchen<\/strong>, eventuell mit K\u00f6rnerged\u00f6ns oder Mehl verzieren,&nbsp;<strong>einschneiden nicht vergessen<\/strong>&nbsp;und<\/p>\n\n\n\n<p class=\"has-large-font-size\"><strong>ab in den Ofen damit &#8211; und zwar:<\/strong><\/p>\n\n\n\n<ul class=\"wp-block-list\">\n<li><strong>f\u00fcr das Wei\u00dfbrot ca. 40 &#8211; 50 Minuten (m\u00fcsst ihr ausprobieren!!!)<\/strong><\/li>\n\n\n\n<li><strong>f\u00fcr die restlichen Formen ca. 20 &#8211; 25 Minuten<\/strong><\/li>\n<\/ul>\n\n\n\n<p>Zwischendurch mit einer mit Wasser gef\u00fcllten Blumenspritze f\u00fcr mehr Dampf sorgen&#8230;<\/p>\n\n\n<style>.wp-block-kadence-advancedgallery .kb-gallery-type-masonry.kb-gallery-id-516_5288b4-8d{margin:-5px;}.kb-gallery-type-masonry.kb-gallery-id-516_5288b4-8d .kadence-blocks-gallery-item{padding:5px;}.kb-gallery-id-516_5288b4-8d .kadence-blocks-gallery-item .kb-gal-image-radius, .kb-gallery-id-516_5288b4-8d .kb-slide-item .kb-gal-image-radius img{border-radius:0px 0px 0px 0px;;}.kb-gallery-caption-style-bottom.kb-gallery-id-516_5288b4-8d .kadence-blocks-gallery-item .kadence-blocks-gallery-item-inner .kadence-blocks-gallery-item__caption, .kb-gallery-caption-style-bottom-hover.kb-gallery-id-516_5288b4-8d .kadence-blocks-gallery-item .kadence-blocks-gallery-item-inner .kadence-blocks-gallery-item__caption{background:linear-gradient(0deg, rgba(0, 0, 0, 0.8) 0, rgba(0, 0, 0, 0) 100%);}<\/style><div class=\"kb-gallery-wrap-id-516_5288b4-8d alignnone wp-block-kadence-advancedgallery\"><ul class=\"kb-gallery-ul kb-gallery-non-static kb-gallery-type-masonry kb-masonry-init kb-mobile-force-hover kb-gallery-id-516_5288b4-8d kb-gallery-caption-style-bottom-hover kb-gallery-filter-none\" data-image-filter=\"none\" data-item-selector=\".kadence-blocks-gallery-item\" data-lightbox-caption=\"true\" data-columns-xxl=\"4\" data-columns-xl=\"4\" data-columns-md=\"4\" data-columns-sm=\"3\" data-columns-xs=\"2\" data-columns-ss=\"2\"><li class=\"kadence-blocks-gallery-item\" tabindex=\"0\"><div class=\"kadence-blocks-gallery-item-inner\"><figure class=\"kb-gallery-figure kadence-blocks-gallery-item-has-caption\"><div class=\"kb-gal-image-radius\" style=\"max-width:400px;\"><div class=\"kb-gallery-image-contain kadence-blocks-gallery-intrinsic\" style=\"padding-bottom:75%;\"><img loading=\"lazy\" decoding=\"async\" src=\"https:\/\/brotfarm.de\/wp-content\/uploads\/2024\/06\/image-40.png\" width=\"400\" height=\"300\" alt=\"\" data-full-image=\"https:\/\/brotfarm.de\/wp-content\/uploads\/2024\/06\/image-40.png\" data-light-image=\"https:\/\/brotfarm.de\/wp-content\/uploads\/2024\/06\/image-40.png\" data-id=\"577\" class=\"wp-image-577\" srcset=\"https:\/\/brotfarm.de\/wp-content\/uploads\/2024\/06\/image-40.png 400w, https:\/\/brotfarm.de\/wp-content\/uploads\/2024\/06\/image-40-300x225.png 300w\" sizes=\"auto, (max-width: 400px) 100vw, 400px\" \/><\/div><div class=\"kadence-blocks-gallery-item__caption\">Lecker Br\u00f6tchen&#8230;<\/div><\/div><\/figure><\/div><\/li><li class=\"kadence-blocks-gallery-item\" tabindex=\"0\"><div class=\"kadence-blocks-gallery-item-inner\"><figure class=\"kb-gallery-figure kadence-blocks-gallery-item-has-caption\"><div class=\"kb-gal-image-radius\" style=\"max-width:400px;\"><div class=\"kb-gallery-image-contain kadence-blocks-gallery-intrinsic\" style=\"padding-bottom:75%;\"><img loading=\"lazy\" decoding=\"async\" src=\"https:\/\/brotfarm.de\/wp-content\/uploads\/2024\/06\/image-41.png\" width=\"400\" height=\"300\" alt=\"\" data-full-image=\"https:\/\/brotfarm.de\/wp-content\/uploads\/2024\/06\/image-41.png\" data-light-image=\"https:\/\/brotfarm.de\/wp-content\/uploads\/2024\/06\/image-41.png\" data-id=\"578\" class=\"wp-image-578\" srcset=\"https:\/\/brotfarm.de\/wp-content\/uploads\/2024\/06\/image-41.png 400w, https:\/\/brotfarm.de\/wp-content\/uploads\/2024\/06\/image-41-300x225.png 300w\" sizes=\"auto, (max-width: 400px) 100vw, 400px\" \/><\/div><div class=\"kadence-blocks-gallery-item__caption\">Lecker Wei\u00dfbrot&#8230;<\/div><\/div><\/figure><\/div><\/li><li class=\"kadence-blocks-gallery-item\" tabindex=\"0\"><div class=\"kadence-blocks-gallery-item-inner\"><figure class=\"kb-gallery-figure kadence-blocks-gallery-item-has-caption\"><div class=\"kb-gal-image-radius\" style=\"max-width:400px;\"><div class=\"kb-gallery-image-contain kadence-blocks-gallery-intrinsic\" style=\"padding-bottom:75%;\"><img loading=\"lazy\" decoding=\"async\" src=\"https:\/\/brotfarm.de\/wp-content\/uploads\/2024\/06\/image-42.png\" width=\"400\" height=\"300\" alt=\"\" data-full-image=\"https:\/\/brotfarm.de\/wp-content\/uploads\/2024\/06\/image-42.png\" data-light-image=\"https:\/\/brotfarm.de\/wp-content\/uploads\/2024\/06\/image-42.png\" data-id=\"579\" class=\"wp-image-579\" srcset=\"https:\/\/brotfarm.de\/wp-content\/uploads\/2024\/06\/image-42.png 400w, https:\/\/brotfarm.de\/wp-content\/uploads\/2024\/06\/image-42-300x225.png 300w\" sizes=\"auto, (max-width: 400px) 100vw, 400px\" \/><\/div><div class=\"kadence-blocks-gallery-item__caption\">Lecker Br\u00f6tchenkorb&#8230;<\/div><\/div><\/figure><\/div><\/li><li class=\"kadence-blocks-gallery-item\" tabindex=\"0\"><div class=\"kadence-blocks-gallery-item-inner\"><figure class=\"kb-gallery-figure kadence-blocks-gallery-item-has-caption\"><div class=\"kb-gal-image-radius\" style=\"max-width:400px;\"><div class=\"kb-gallery-image-contain kadence-blocks-gallery-intrinsic\" style=\"padding-bottom:75%;\"><img loading=\"lazy\" decoding=\"async\" src=\"https:\/\/brotfarm.de\/wp-content\/uploads\/2024\/06\/image-43.png\" width=\"400\" height=\"300\" alt=\"\" data-full-image=\"https:\/\/brotfarm.de\/wp-content\/uploads\/2024\/06\/image-43.png\" data-light-image=\"https:\/\/brotfarm.de\/wp-content\/uploads\/2024\/06\/image-43.png\" data-id=\"580\" class=\"wp-image-580\" srcset=\"https:\/\/brotfarm.de\/wp-content\/uploads\/2024\/06\/image-43.png 400w, https:\/\/brotfarm.de\/wp-content\/uploads\/2024\/06\/image-43-300x225.png 300w\" sizes=\"auto, (max-width: 400px) 100vw, 400px\" \/><\/div><div class=\"kadence-blocks-gallery-item__caption\">Das Ganze in rund&#8230;<\/div><\/div><\/figure><\/div><\/li><\/ul><\/div>\n\n\n<p><strong>Fertig\u2026.mmmhh &#8211; lecker!<\/strong><\/p>\n\n\n<div class=\"wp-block-image\">\n<figure class=\"aligncenter is-resized\"><a href=\"https:\/\/brotfarm.de\/?page_id=179\"><img loading=\"lazy\" decoding=\"async\" width=\"140\" height=\"100\" src=\"https:\/\/brotfarm.de\/wp-content\/uploads\/2024\/05\/Muetze-e1715334323522.jpg\" alt=\"\" class=\"wp-image-25\" style=\"width:140px;height:auto\"\/><\/a><\/figure>\n<\/div>","protected":false},"excerpt":{"rendered":"<p>Schnell und lecker mit Buttermilch! (Hinweis f\u00fcr Gudrun &#8211; geht direkt oder als \u00fcber Nacht Variante!) Psst&#8230; oftmals variiere ich nur die Formen w\u00e4hrend die Zutaten gleich bleiben und trotzdem kommt dann schon mal der Hinweis von der Sippe: &#8222;Kannste nicht mal wieder die leckeren Baguettes machen?&#8220; Klar, n\u00e4chstes mal &#8211; das Auge isst eben [&hellip;]<\/p>\n","protected":false},"author":1,"featured_media":0,"parent":0,"menu_order":0,"comment_status":"closed","ping_status":"closed","template":"","meta":{"ngg_post_thumbnail":0,"footnotes":""},"class_list":["post-516","page","type-page","status-publish","hentry"],"_links":{"self":[{"href":"https:\/\/brotfarm.de\/index.php?rest_route=\/wp\/v2\/pages\/516","targetHints":{"allow":["GET"]}}],"collection":[{"href":"https:\/\/brotfarm.de\/index.php?rest_route=\/wp\/v2\/pages"}],"about":[{"href":"https:\/\/brotfarm.de\/index.php?rest_route=\/wp\/v2\/types\/page"}],"author":[{"embeddable":true,"href":"https:\/\/brotfarm.de\/index.php?rest_route=\/wp\/v2\/users\/1"}],"replies":[{"embeddable":true,"href":"https:\/\/brotfarm.de\/index.php?rest_route=%2Fwp%2Fv2%2Fcomments&post=516"}],"version-history":[{"count":5,"href":"https:\/\/brotfarm.de\/index.php?rest_route=\/wp\/v2\/pages\/516\/revisions"}],"predecessor-version":[{"id":993,"href":"https:\/\/brotfarm.de\/index.php?rest_route=\/wp\/v2\/pages\/516\/revisions\/993"}],"wp:attachment":[{"href":"https:\/\/brotfarm.de\/index.php?rest_route=%2Fwp%2Fv2%2Fmedia&parent=516"}],"curies":[{"name":"wp","href":"https:\/\/api.w.org\/{rel}","templated":true}]}}